n base 13, what is -1b8 - 6?
-1c1
In base 7, what is -2 + 3436?
3434
In base 16, what is -39b - 2?
-39d
In base 3, what is -11 + -10?
-21
In base 6, what is -2 - 504?
-510
In base 4, what is 22 - 1?
21
In base 4, what is 3331 - -213?
10210
In base 5, what is -3 + -110?
-113
In base 6, what is -13 - -1534?
1521
In base 16, what is -322 + 0?
-322
In base 12, what is 30 - -1?
31
In base 3, what is 100 - -2?
102
In base 10, what is 0 + 242?
242
In base 2, what is 1 + -100100?
-100011
In base 13, what is -4 + -48?
-4c
In base 13, what is -4 - 5cc?
-603
In base 4, what is -3212 - 0?
-3212
In base 10, what is 174 + 9?
183
In base 8, what is -107 + -5?
-114
In base 8, what is 3666 + -6?
3660
In base 8, what is 1601 - -2?
1603
In base 16, what is -12e9 + -3?
-12ec
In base 15, what is -3 - -2a5?
2a2
In base 7, what is 1434 + 2?
1436
In base 15, what is -65 + -182?
-1e7
In base 10, what is 34 + -1?
33
In base 8, what is -21 - 76?
-117
In base 5, what is 11 - -104?
120
In base 4, what is -30303 - 11?
-30320
In base 15, what is 2d + 4?
32
In base 5, what is 34 + -1?
33
In base 7, what is -2 - -1104?
1102
In base 4, what is -32 + -2133?
-2231
In base 7, what is -32 - 210?
-242
In base 13, what is 4 - 9?
-5
In base 10, what is 296 - 6?
290
In base 15, what is aac - 4?
aa8
In base 13, what is 1 - 68?
-67
In base 6, what is 1 + 20235?
20240
In base 13, what is 4 + -1?
3
In base 6, what is 25 + -31?
-2
In base 6, what is 2051 - 4?
2043
In base 9, what is 15 + 20?
35
In base 11, what is 89a1 + 5?
89a6
In base 16, what is -5 + -3f2?
-3f7
In base 8, what is -1 + 43?
42
In base 5, what is 241 + 2?
243
In base 16, what is -1 + 45?
44
In base 11, what is 11 + 1a69?
1a7a
In base 7, what is -24 - 22?
-46
In base 2, what is -1001110 - 1011?
-1011001
In base 7, what is -25 + 2?
-23
In base 10, what is 472 + -8?
464
In base 11, what is 18 - 13?
5
In base 13, what is -2 - 17b?
-180
In base 12, what is 2 - 18b3?
-18b1
In base 16, what is 8 + -29?
-21
In base 3, what is -20121 + -11110?
-102001
In base 4, what is 33000 - -2?
33002
In base 11, what is -4632 + -5?
-4637
In base 9, what is 5 - 31?
-25
In base 11, what is a0 - 48?
53
In base 15, what is -3601 + -5?
-3606
In base 16, what is -2 + 5?
3
In base 6, what is 1 + 15?
20
In base 8, what is 2 - -10363?
10365
In base 12, what is -b + 18?
9
In base 8, what is 13214 - -2?
13216
In base 9, what is 23581 + -5?
23575
In base 7, what is 12 - -366?
411
In base 13, what is -4 - 7?
-b
In base 14, what is -b291 + -2?
-b293
In base 13, what is -c + -656?
-665
In base 6, what is -1 - -2540?
2535
In base 4, what is 0 - -32031?
32031
In base 13, what is -3 - 25a?
-260
In base 2, what is 111100 - 11?
111001
In base 12, what is -50 + 3?
-49
In base 4, what is -121 - -2213?
2032
In base 2, what is -1100000110 + -11?
-1100001001
In base 16, what is 248 - 9?
23f
In base 9, what is -22 + -117?
-140
In base 4, what is 3 - 120032?
-120023
In base 6, what is 5 + 10502?
10511
In base 14, what is 0 - 268?
-268
In base 16, what is 0 - -7e2?
7e2
In base 4, what is 3022 + -122?
2300
In base 2, what is -1011 - 1101?
-11000
In base 10, what is 2 - 214?
-212
In base 14, what is -2 + -116?
-118
In base 10, what is -366 - -2?
-364
In base 4, what is -12122 + -21?
-12203
In base 13, what is 500 - -2?
502
In base 8, what is 2272 + 0?
2272
In base 11, what is -62 + -4?
-66
In base 8, what is 524 - 5?
517
In base 7, what is -56 + -402?
-461
In base 14, what is 72b - -5?
732
In base 8, what is -63 - 0?
-63
In base 5, what is 3030 + 0?
3030
In base 6, what is 32 - -302?
334
In base 8, what is 753 - -4?
757
In base 8, what is 6 + 1?
7
In base 3, what is 222021 - -11?
222102
In base 10, what is -5 + 10?
5
In base 13, what is 12 + 195?
1a7
In base 9, what is -2016 - -6?
-2010
In base 5, what is 1 - -33?
34
In base 9, what is -54 + 102?
37
In base 9, what is -1 - 2?
-3
In base 10, what is -17 + -3?
-20
In base 8, what is 17336 - -2?
17340
In base 9, what is -2725 + 2?
-2723
In base 3, what is -12 + -1112?
-1201
In base 11, what is 66 + 4?
6a
In base 15, what is 1 + 14b?
14c
In base 15, what is -3a4 + 5?
-39e
In base 4, what is -10301 - 0?
-10301
In base 4, what is -13 + -10?
-23
In base 4, what is 1 + 331300?
331301
In base 9, what is 1 + 3?
4
In base 9, what is 2 - -68?
71
In base 7, what is -234 - -3?
-231
In base 4, what is 23 - -20?
103
In base 16, what is c8 + -3?
c5
In base 10, what is -60 + -36?
-96
In base 12, what is -17a1 + 3?
-179a
In base 4, what is 11331 + -10?
11321
In base 10, what is 2 + 187?
189
In base 8, what is -3 - -241?
236
In base 14, what is -978 - 3?
-97b
In base 3, what is 12 - -2221?
10010
In base 16, what is 134 + 2?
136
In base 15, what is -cb + 6?
-c5
In base 5, what is -112101 - 3?
-112104
In base 12, what is -477 + -1?
-478
In base 16, what is -5 - 1d6?
-1db
In base 11, what is -30 + -a1?
-121
In base 10, what is -4 + -708?
-712
In base 13, what is -5 - -3b8?
3b3
In base 12, what is -20 + -11?
-31
In base 16, what is -e + -7?
-15
In base 14, what is -a8c - 4?
-a92
In base 9, what is -2 + -100?
-102
In base 12, what is -b - 124?
-133
In base 8, what is 4 - 72?
-66
In base 3, what is -110000210 - 11?
-110000221
In base 7, what is -206 - 1?
-210
In base 4, what is 13 - -323?
1002
In base 13, what is 58c - 4?
588
In base 5, what is -2401 + 2?
-2344
In base 2, what is 1000 - -1111110?
10000110
In base 4, what is -11020 + 31?
-10323
In base 5, what is 0 - 142?
-142
In base 8, what is -1 + -602?
-603
In base 3, what is 2 + 1011?
1020
In base 4, what is -30 - 20133?
-20223
In base 6, what is 1202 + -1?
1201
In base 7, what is -100 + 0?
-100
In base 10, what is 526 + -3?
523
In base 8, what is 26 + -1?
25
In base 4, what is 232 - -32?
330
In base 4, what is 0 - -113?
113
In base 14, what is -2 - -b9?
b7
In base 3, what is -11 - -202022?
202011
In base 10, what is 275 + 2?
277
In base 16, what is -18 + -2a?
-42
In base 11, what is 1 - 27?
-26
In base 10, what is 9 - 52?
-43
In base 9, what is 0 + -10254?
-10254
In base 15, what is -3b3 + -5?
-3b8
In base 3, what is 10200 + -11?
10112
In base 3, what is 120 + -11120?
-11000
In base 10, what is -17 + -106?
-123
In base 8, what is 0 - 111?
-111
In base 3, what is 112202 + 11?
112220
In base 15, what is 9b - 1?
9a
In base 8, what is 5 + 453?
460
In base 7, what is -6400 + -4?
-6404
In base 16, what is -3551 + 5?
-354c
In base 10, what is -781 - -4?
-777
In base 13, what is 159 + 2?
15b
In base 6, what is -3 + -3503?
-3510
In base 10, what is 20 + 12?
32
In base 8, what is -5512 + -2?
-5514
In base 3, what is -10010010 - 0?
-10010010
In base 4, what is -22 + -1230?
-1312
In base 9, what is 76 - 2?
74
In base 11, what is 54 - -8?
61
In base 2, what is 1 - 1000010100001?
-1000010100000
In base 3, what is -10 + -2010?
-2020
In base 2, what is 1100010001 + 111?
1100011000
In base 7, what is -10 - 516?
-526
In base 5, what is -1322 + 0?
-1322
In base 12, what is -106 + 4?
-102
In base 12, what is -613 + -2?
-615
In base 15, what is -574 + -5?
-579
In base 5, what is 11022 - -20?
11042
In base 11, what is -7255 - 2?
-7257
In base 10, what is -4 - 6?
-10
In base 13, what is 44 + -47?
-3
In base 11, what is -354 + 4?
-350
In base 4, what is 3 - -21331?
22000
In base 10, what is -1111 + 1?
-1110
In base 9, what is 3161 - -3?
3164
In base 14, what is 408 + 2?
40a
In base 15, what is -10d - 11?
-11e
In base 15, what is 24 + e?
33
In base 7, what is 2 + -20?
-15
In base 2, what is -100 - -1000?
100
In base 3, what is 1102 + -10?
1022
In base 5, what is -4 - -130?
121
In base 4, what is -120232 - 1?
-120233
In base 11, what is 11 + -12a5?
-1294
In base 8, what is -147472 + -3?
-147475
In base 7, what is -25 - 2?
-30
In base 12, what is 9 - 23?
-16
In base 8, what is 1 + -5727?
-5726
In base 14, what is -2 - -978?
976
In base 15, what is 1128 + -5?
1123
In base 16, what is 1ad - 5?
1a8
In base 4, what is -131 + -12?
-203
In base 9, what is -5 + 40?
34
In base 8, what is 1 + -52?
-51
In base 3, what is -10 + -100000002?
-100000012
In base 13, what is -4c9 - -8?
-4c1
In base 12, what is 7 - 487?
-480
In base 16, what is 48 + -12?
36
In base 11, what is 8 + -335?
-328
In base 8, what is 2 - -4?
6
In base 11, what is -5 + -43a6?
-4400
In base 5, what is 324 + 10?
334
In base 16, what is -21 - -ff?
de
In base 1